{"id":1759,"date":"2024-04-28T15:50:43","date_gmt":"2024-04-28T15:50:43","guid":{"rendered":"https:\/\/www.thelastresort.ch\/?page_id=1759"},"modified":"2024-08-23T09:57:18","modified_gmt":"2024-08-23T09:57:18","slug":"privacy","status":"publish","type":"page","link":"https:\/\/www.thelastresort.ch\/deutsch\/privacy\/","title":{"rendered":"Privacy"},"content":{"rendered":"<p>[et_pb_section fb_built=&#8221;1&#8243; admin_label=&#8221;Header&#8221; _builder_version=&#8221;4.23.1&#8243; _module_preset=&#8221;default&#8221; use_background_color_gradient=&#8221;on&#8221; background_color_gradient_stops=&#8221;rgba(0,0,0,0.7) 0%|rgba(0,0,0,0) 100%&#8221; background_color_gradient_overlays_image=&#8221;on&#8221; background_color_gradient_start=&#8221;rgba(0,0,0,0.7)&#8221; background_color_gradient_end=&#8221;rgba(0,0,0,0)&#8221; background_image=&#8221;https:\/\/thelastresort.ch\/wp-content\/uploads\/2023\/12\/alpen-panorama-242c3419-bc04-4607-b8cd-739ae327717e.jpg&#8221; background_blend=&#8221;lighten&#8221; custom_padding=&#8221;||0px||false|false&#8221; global_colors_info=&#8221;{}&#8221;][et_pb_row column_structure=&#8221;3_5,2_5&#8243; make_equal=&#8221;on&#8221; admin_label=&#8221;Row&#8221; _builder_version=&#8221;4.23.1&#8243; _module_preset=&#8221;default&#8221; z_index=&#8221;10&#8243; custom_margin=&#8221;||||false|false&#8221; custom_padding=&#8221;||5px||false|false&#8221; global_colors_info=&#8221;{}&#8221;][et_pb_column type=&#8221;3_5&#8243; _builder_version=&#8221;4.23.1&#8243; _module_preset=&#8221;default&#8221; custom_padding=&#8221;100px||||false|false&#8221; custom_padding_tablet=&#8221;0px||||false|false&#8221; custom_padding_phone=&#8221;&#8221; custom_padding_last_edited=&#8221;on|phone&#8221; global_colors_info=&#8221;{}&#8221;][et_pb_image src=&#8221;https:\/\/www.thelastresort.ch\/wp-content\/uploads\/2023\/12\/TLRWhite.png&#8221; alt=&#8221;The Last Resort&#8221; title_text=&#8221;TLRWhite&#8221; show_bottom_space=&#8221;off&#8221; disabled_on=&#8221;on|off|off&#8221; _builder_version=&#8221;4.23.1&#8243; _module_preset=&#8221;default&#8221; transform_scale=&#8221;94%|94%&#8221; transform_translate=&#8221;24px|-63px&#8221; transform_translate_linked=&#8221;off&#8221; width=&#8221;57%&#8221; custom_margin=&#8221;|-130px||||&#8221; global_colors_info=&#8221;{}&#8221;][\/et_pb_image][\/et_pb_column][et_pb_column type=&#8221;2_5&#8243; _builder_version=&#8221;4.23.1&#8243; _module_preset=&#8221;default&#8221; background_color=&#8221;rgba(178,151,94,0.69)&#8221; custom_padding=&#8221;50px|30px|50px|30px|true|true&#8221; custom_padding_tablet=&#8221;&#8221; custom_padding_phone=&#8221;50px|20px|50px|20px|true|true&#8221; custom_padding_last_edited=&#8221;on|phone&#8221; border_radii=&#8221;on|20px|20px|20px|20px&#8221; border_width_all=&#8221;2px&#8221; box_shadow_style=&#8221;preset3&#8243; box_shadow_vertical=&#8221;39px&#8221; box_shadow_blur=&#8221;74px&#8221; box_shadow_spread=&#8221;-8px&#8221; box_shadow_color=&#8221;rgba(0,0,0,0.2)&#8221; global_colors_info=&#8221;{}&#8221;][et_pb_image src=&#8221;https:\/\/thelastresort.ch\/wp-content\/uploads\/2024\/04\/CowAndNewFlag.png&#8221; title_text=&#8221;CowAndNewFlag&#8221; _builder_version=&#8221;4.23.1&#8243; _module_preset=&#8221;default&#8221; global_colors_info=&#8221;{}&#8221;][\/et_pb_image][et_pb_image src=&#8221;https:\/\/www.thelastresort.ch\/wp-content\/uploads\/2023\/12\/TLRWhite.png&#8221; alt=&#8221;The Last Resort&#8221; title_text=&#8221;TLRWhite&#8221; disabled_on=&#8221;off|on|on&#8221; _builder_version=&#8221;4.23.1&#8243; _module_preset=&#8221;default&#8221; transform_scale=&#8221;61%|61%&#8221; custom_padding=&#8221;||0px|||&#8221; global_colors_info=&#8221;{}&#8221;][\/et_pb_image][\/et_pb_column][\/et_pb_row][\/et_pb_section][et_pb_section fb_built=&#8221;1&#8243; admin_label=&#8221;Categories&#8221; _builder_version=&#8221;4.23.1&#8243; _module_preset=&#8221;default&#8221; background_color=&#8221;#f3f7f0&#8243; custom_margin=&#8221;-72px||26px|||&#8221; custom_padding=&#8221;||||false|false&#8221; global_colors_info=&#8221;{}&#8221;][et_pb_row use_custom_gutter=&#8221;on&#8221; gutter_width=&#8221;1&#8243; make_equal=&#8221;on&#8221; custom_padding_last_edited=&#8221;on|desktop&#8221; _builder_version=&#8221;4.23.1&#8243; _module_preset=&#8221;default&#8221; height=&#8221;161px&#8221; custom_margin=&#8221;-116px|auto|23px|auto|false|false&#8221; custom_margin_tablet=&#8221;0px||||false|false&#8221; custom_margin_phone=&#8221;&#8221; custom_margin_last_edited=&#8221;on|tablet&#8221; custom_padding=&#8221;|340px|0px||false|false&#8221; custom_padding_tablet=&#8221;|0px|||false|false&#8221; custom_padding_phone=&#8221;&#8221; global_colors_info=&#8221;{}&#8221;][et_pb_column type=&#8221;4_4&#8243; _builder_version=&#8221;4.23.1&#8243; _module_preset=&#8221;default&#8221; background_color=&#8221;#606060&#8243; custom_padding=&#8221;40px|30px|80px|30px|false|true&#8221; custom_padding_tablet=&#8221;&#8221; custom_padding_phone=&#8221;|20px||20px|false|true&#8221; custom_padding_last_edited=&#8221;on|desktop&#8221; global_colors_info=&#8221;{}&#8221;][et_pb_heading title=&#8221;Datenschutzbestimmungen&#8221; _builder_version=&#8221;4.23.1&#8243; _module_preset=&#8221;default&#8221; title_text_color=&#8221;#FFFFFF&#8221; title_font_size=&#8221;42px&#8221; title_line_height=&#8221;1.5em&#8221; custom_margin=&#8221;6px||-45px||false|false&#8221; custom_padding=&#8221;0px||0px||false|false&#8221; global_colors_info=&#8221;{}&#8221;][\/et_pb_heading][\/et_pb_column][\/et_pb_row][et_pb_row _builder_version=&#8221;4.23.1&#8243; _module_preset=&#8221;default&#8221; global_colors_info=&#8221;{}&#8221;][et_pb_column type=&#8221;4_4&#8243; _builder_version=&#8221;4.23.1&#8243; _module_preset=&#8221;default&#8221; global_colors_info=&#8221;{}&#8221;][et_pb_text _builder_version=&#8221;4.23.1&#8243; _module_preset=&#8221;default&#8221; custom_padding=&#8221;24px||0px|||&#8221; hover_enabled=&#8221;0&#8243; global_colors_info=&#8221;{}&#8221; sticky_enabled=&#8221;0&#8243;]<\/p>\n<p><strong>Allgemein<\/strong><\/p>\n<p>Diese Richtlinie legt dar, wie The Last Resort die von Ihnen gesammelten Daten verwaltet.<\/p>\n<p>The Last Resort ist an das Schweizerische Datenschutzgesetz gebunden und h\u00e4lt sich an die Allgemeine Datenschutzverordnung (DSGVO) (g\u00fcltig ab 25. Mai 2018).<\/p>\n<p><strong>Von The Last Resort gesammelte Informationen<\/strong><\/p>\n<p>The Last Resort sammelt personenbezogene Daten, die von den Nutzern der Website auf deren Anfrage hin eingegeben werden. Die gesammelten Daten beschr\u00e4nken sich auf (aber nicht ausschlie\u00dflich) Ihren Namen, Ihre Adresse, Ihre Kontaktdaten, Ihr Geschlecht, Ihr Alter und Ihren Beruf.<\/p>\n<p>The Last Resort erhebt diese Daten von Ihnen nur, wenn Sie einen Online-Antrag f\u00fcr ein Abonnement von The Last Resort stellen oder wenn Sie unseren kostenlosen E-Mail-Newsletter abonnieren.<\/p>\n<p><strong>Verwendung und Offenlegung der von The Last Resort gesammelten Informationen<\/strong><\/p>\n<p>The Last Resort verwendet diese Informationen NICHT f\u00fcr andere Zwecke als f\u00fcr die Kommunikation mit Ihnen in Bezug auf die Aktivit\u00e4ten von The Last Resort.<\/p>\n<p><strong>Diese Aktivit\u00e4ten umfassen:<\/strong><\/p>\n<ul>\n<li>Post- oder E-Mail-Versand unseres gelegentlichen Newsletters<\/li>\n<li>Andere Korrespondenz \u00fcber The Last Resort-Anwendungen, Unterst\u00fctzer-Abonnements und Aktivit\u00e4ten.<\/li>\n<\/ul>\n<p><strong>Speicherung und Sicherheit Ihrer Informationen<\/strong><\/p>\n<p>The Last Resort unterh\u00e4lt eine sichere, passwortgesch\u00fctzte Datenbank f\u00fcr seine Unterst\u00fctzer-Abonnements, freiwillige Sterbebegleitung Antr\u00e4ge und Kaufunterlagen. The Last Resort setzt verschiedene Technologien ein, um den unbefugten Zugriff auf Ihre Daten sowie deren \u00c4nderung oder Weitergabe so weit wie m\u00f6glich zu verhindern.<\/p>\n<p>Ihre Daten k\u00f6nnen auch auf E-Commerce-Diensten wie Stripe und Godaddy gespeichert werden. Jeder dieser Dienste bietet integrierte Sicherheit. Google Analytics kann auch von Ihnen zur Verf\u00fcgung gestellte aggregierte Daten verwenden, damit The Last Resort den Website-Verkehr besser verstehen, verwalten und planen kann.<\/p>\n<p><strong>Zugang zu Ihren Informationen<\/strong><\/p>\n<p>Sie k\u00f6nnen auf schriftlichen Antrag Zugang zu Ihren Daten erhalten. Diese Anfrage oder jede Anfrage \u00fcber die Datenschutzpolitik von The Last Resort sollte an <a href=\"mailto:contact@thelastresort.ch\">contact@thelastresort.ch<\/a> gerichtet werden.<\/p>\n<p>The Last Resort wird sich bem\u00fchen, Ihren Antrag oder Ihre Anfrage so schnell wie m\u00f6glich zu bearbeiten.<\/p>\n<p><strong>Aktualisierung Ihrer Daten<\/strong><\/p>\n<p>Sollten sich Ihre Daten \u00e4ndern, setzen Sie sich bitte mit The Last Resort in Verbindung, und The Last Resort wird sich bem\u00fchen, die Daten zu aktualisieren und zu korrigieren. The Last Resort kann sich auch von Zeit zu Zeit mit Ihnen in Verbindung setzen, um sich zu vergewissern, dass Ihre Angaben noch richtig sind.<\/p>\n<p><strong>\u00c4nderungen der Richtlinie<\/strong><\/p>\n<p>Sie sollten diese Richtlinie jedes Mal \u00fcberpr\u00fcfen, wenn Sie die Website von The Last Resort nutzen. Der Umgang von The Last Resort mit den von Ihnen erfassten Daten (einschlie\u00dflich fr\u00fcher erfasster Daten) unterliegt der jeweils aktuellen Version dieser Richtlinie.<\/p>\n<p><strong>G\u00fcltig ab dem 1. Oktober 2019<\/strong><\/p>\n<p>Diese Online-Datenschutzerkl\u00e4rung beschreibt, wie wir mit Benutzerdaten umgehen, die w\u00e4hrend Ihres Besuchs auf der The Last Resort-Website erfasst werden. Die The Last Resort-Site ist <a href=\"http:\/\/www.thelastresort.ch\">www.thelastresort.ch<\/a> und umfasst alle Webseiten, deren Domainname <a href=\"http:\/\/www.thelastresort.ch\">thelastresort.ch<\/a> enth\u00e4lt. Dies ist nicht die Online-Datenschutzerkl\u00e4rung f\u00fcr die Webseiten anderer Organisationen, die diese Domainnamen nicht enthalten. Es handelt sich auch nicht um die Online-Datenschutzerkl\u00e4rung f\u00fcr andere Websites (z.B. Blogs oder Social-Networking-Sites), auf denen The Last Resort m\u00f6glicherweise pr\u00e4sent ist.<\/p>\n<p><strong>Privatsph\u00e4re und das Internet<\/strong><\/p>\n<p>Das Internet ist im Allgemeinen kein privater Ort mehr. Wenn Sie Websites besuchen, Suchmaschinen verwenden und Gesch\u00e4fte im Internet t\u00e4tigen, sammeln viele verschiedene Unternehmen und Organisationen Informationen \u00fcber Ihr Online-Verhalten, indem sie Ihre Suchvorg\u00e4nge, Besuche und Transaktionen verfolgen und diese Daten mit anderen Informationen \u00fcber Sie abgleichen. Es gibt einige Dinge, die Sie tun k\u00f6nnen, um zu verhindern, dass Ihre Daten gesammelt werden. Eine gute Zusammenfassung, die Sie kennen sollten, wurde von der ACLU ver\u00f6ffentlicht. Sie k\u00f6nnen diese unter lesen: <a href=\"https:\/\/www.aclu.org\/blog\/speak-freely\/few-easy-steps-everyone-should-take-protect-their-digital-privacy\">Einfache Schritte, die jeder unternehmen kann, um seine digitale Privatsph\u00e4re zu sch\u00fctzen<\/a><\/p>\n<p>The Last Resort unternimmt viele Schritte, um Ihre Privatsph\u00e4re zu sch\u00fctzen, wenn Sie die Website von The Last Resort besuchen. Um Ihnen ein besseres Erlebnis zu bieten, erlauben wir eine gewisse Nachverfolgung. Wie und wann wir dies tun, wird im Folgenden erkl\u00e4rt.<\/p>\n<p><em>Neues Datenschutzgesetz (revDSG)<\/em><\/p>\n<p>Seit 1. September 2023 gilt in der Schweiz ein neues Datenschutzgesetz (revDSG). Die Verordnung gilt f\u00fcr Unternehmen oder Organisationen, die personenbezogene Daten sammeln und \/ oder verarbeiten. The Last Resort ist mit dieser Verordnung konform.<\/p>\n<p><em>Sicherheit der Daten<\/em><\/p>\n<p>Wenn Sie ein The Last Resort-Abonnement erwerben, werden Ihre Daten auf dem internen, verschl\u00fcsselten Datenbankserver von The Last Resort gespeichert, der in der Schweiz steht. Eine zweite Quelle der Datenspeicherung ist das von The Last Resort genutzte Online-Zahlungsgateway Stripe. Jeder dieser Dienste bietet eingebaute Sicherheit, um die sichere Speicherung und Verwendung der Daten zu gew\u00e4hrleisten, die Sie The Last Resort direkt oder indirekt zur Verf\u00fcgung stellen.<\/p>\n<p><strong>Unsere Sammlung und Verwendung von Informationen \u00fcber Sie<\/strong><\/p>\n<p><em>Passiv gesammelte Daten<\/em><\/p>\n<p>Wie die meisten Websites k\u00f6nnen wir automatisch Informationen von Ihrem Browser empfangen und in unseren Serverprotokollen aufzeichnen, wenn Sie <a href=\"http:\/\/www.thelastresort.ch\">www.thelastresort.ch<\/a> besuchen. Die Informationen, die wir mit diesen automatischen Methoden sammeln, k\u00f6nnen Ihre IP-Adresse, Cookie-Informationen, Browser-Typ, Systemtyp und die verweisende URL umfassen.<\/p>\n<p>Wir verwenden diese Art von Informationen, um die Leistung unserer Website zu messen und zu verbessern. Gelegentlich greifen wir auch auf diese Art von Informationen zu, um die Stabilit\u00e4t und Sicherheit unserer Website zu untersuchen oder zu erhalten.<\/p>\n<p><em>Freiwillig \u00fcbermittelte Daten<\/em><\/p>\n<p>Auf bestimmten Seiten der Website von The Last Resort werden Sie aufgefordert, personenbezogene Daten wie Ihren Namen, Ihre Adresse, Ihre E-Mail-Adresse, Ihre Telefonnummer, Ihren pers\u00f6nlichen gesundheitlichen und sozialen Hintergrund usw. anzugeben. Die Weitergabe dieser Informationen erm\u00f6glicht es Ihnen, sich bei The Last Resort anzumelden und, mit der Option, einen Antrag auf einen VAD bei The Last Resort zu stellen.<\/p>\n<p>Wir k\u00f6nnen diese freiwillig \u00fcbermittelten Daten verwenden, um:<\/p>\n<ul>\n<li>Um die Anforderungen Ihrer Bewerbung\/ Ihres Abonnements zu erf\u00fcllen.<\/li>\n<li>Sie \u00fcber andere Aktivit\u00e4ten oder Neuigkeiten von The Last Resort oder \u00fcber M\u00f6glichkeiten zur Unterst\u00fctzung von The Last Resort zu informieren.<\/li>\n<\/ul>\n<p><em>Weitergabe von Informationen<\/em><\/p>\n<p>The Last Resort kann Ihre Daten an benannte medizinische Fachkr\u00e4fte weitergeben, die eine legitime Rolle bei der Bearbeitung eines freiwillige Sterbebegleitung Antrags oder eines Abonnements haben. Eine andere Weitergabe von Daten an Dritte in einem anderen Land findet zu keinem Zeitpunkt statt.<\/p>\n<p><em>Unsere E-Mail-Liste<\/em><\/p>\n<p>Wenn Sie sich in unsere E-Mail-Liste eintragen, k\u00f6nnen wir Daten sammeln, indem wir ein eingebettetes Bild verwenden, um zu verfolgen, ob Sie unsere E-Mail \u00f6ffnen, und indem wir eine URL verwenden, die es uns erm\u00f6glicht, zu erkennen, dass Sie eine Aktion durchgef\u00fchrt haben, wie z. B. das Anklicken eines Links in einer E-Mail.<\/p>\n<p>So k\u00f6nnen wir unsere Kommunikation effektiver gestalten und Sie \u00fcber die Aktivit\u00e4ten von The Last Resort informieren.<\/p>\n<p><em>Unsere Verwendung von Cookies<\/em><\/p>\n<p>Wir k\u00f6nnen Cookies verwenden, um die Leistung der Website zu verbessern, um Benutzerpr\u00e4ferenzen und -einstellungen zu speichern und um analytische Daten zu sammeln. Unter \u201eCookies\u201c verstehen wir kleine Textdateien, die von unserer Website auf Ihrem Computer abgelegt werden, wenn Sie diese besuchen.<\/p>\n<p>\u201eCookies\u201c k\u00f6nnen sich auch auf die lokale Speicherung beziehen, die ein \u00e4hnlicher Mechanismus wie Cookies ist, bei dem die Informationen in Ihrem Webbrowser gespeichert werden. Wir k\u00f6nnen Cookies verwenden, um die Leistung unserer Website zu verbessern.<\/p>\n<p><em>Analytik<\/em><\/p>\n<p>Wir verwenden Google-Analytics-Tools, die ebenfalls Cookies platzieren, um uns ein besseres Verst\u00e4ndnis daf\u00fcr zu vermitteln, wie die Besucher unsere Website nutzen. Dies wiederum erm\u00f6glicht es uns, die aktuelle Leistung der Website-Funktionen zu messen und bessere Inhalte zu entwickeln. Google Analytics speichert die Daten f\u00fcr 26 Monate. Google Analytics-Cookies liefern uns Informationen wie:<\/p>\n<ul>\n<li>Wie viele einzelne Besucher wir haben<\/li>\n<li>Wie viele Besucher neu sind oder wiederkommen<\/li>\n<li>Wie oft die Besucher auf die Website kommen<\/li>\n<li>Welche Inhalte sie besucht haben<\/li>\n<li>Wie Besucher mit bestimmten Seiten oder Inhalten interagieren<\/li>\n<\/ul>\n<p><em>Speicherung und Datensicherheit<\/em><\/p>\n<p>The Last Resort unterh\u00e4lt eine sichere, passwortgesch\u00fctzte Datenbank f\u00fcr Abonnements und freiwillige Sterbebegleitung Bewerbungsunterlagen. The Last Resort setzt verschiedene Technologien ein, um den unbefugten Zugriff, die \u00c4nderung oder die Weitergabe Ihrer Daten so weit wie m\u00f6glich zu verhindern.<\/p>\n<p>Ihre Daten werden auch bei E-Commerce-Diensten wie Stripe und Godaddy gespeichert. Jeder dieser Dienste bietet integrierte Sicherheit. Google Analytics kann auch von Ihnen zur Verf\u00fcgung gestellte aggregierte Daten verwenden, damit The Last Resort den Website-Verkehr besser verstehen, verwalten und planen kann.<\/p>\n<p><em>Wie bestimmte Content-Hosts Cookies platzieren und Informationen \u00fcber Sie sammeln k\u00f6nnen<\/em><\/p>\n<p>Unsere Website ist auf verschiedene Weise mit Inhalten auf anderen Plattformen verbunden. Wir k\u00f6nnen Links zu Inhalten auf Social-Media-Plattformen wie Facebook und Twitter bereitstellen.<\/p>\n<p>Unsere Website enth\u00e4lt m\u00f6glicherweise keine eingebetteten Medien, wie z. B. Videos, die auf anderen Plattformen (z. B. YouTube) gehostet werden, aber direkt \u00fcber die von uns bereitgestellten Schaltfl\u00e4chen angezeigt werden k\u00f6nnen. Wenn Sie auf Links oder Schaltfl\u00e4chen f\u00fcr eine dieser Arten von externen Inhalten klicken, k\u00f6nnen die Anbieter dieser Inhalte ihre eigenen Cookies auf Ihrem Computer platzieren, auf bestehende Cookies zugreifen, die gesetzt wurden, als Sie zuvor andere Websites besucht haben, oder anderweitig Informationen \u00fcber Sie sammeln, w\u00e4hrend Sie auf deren Inhalte zugreifen.<\/p>\n<p>Informationen dar\u00fcber, wie die Anbieter dieser Inhalte mit den Daten umgehen, die sie durch Cookies oder auf andere Weise sammeln, finden Sie in ihren jeweiligen Online-Datenschutzrichtlinien und anderen ver\u00f6ffentlichten Hinweisen.<\/p>\n<p><em>Sicherheitsma\u00dfnahmen und Daten\u00fcbermittlung<\/em><\/p>\n<p>Wir haben physische, elektronische und verwaltungstechnische Ma\u00dfnahmen ergriffen, um die von uns erfassten Daten zu sch\u00fctzen. Wir bem\u00fchen uns, die Richtigkeit der Daten zu gew\u00e4hrleisten und den unbefugten Zugriff auf die von uns online erfassten Daten sowie deren missbr\u00e4uchliche Verwendung zu verhindern.<\/p>\n<p>Informationen, die leicht mit Ihnen pers\u00f6nlich in Verbindung gebracht werden k\u00f6nnen, wie z. B. Ihr Name und Ihre Adresse, werden auf sicheren Servern gespeichert und sind nicht \u00f6ffentlich zug\u00e4nglich.<\/p>\n<p>Dar\u00fcber hinaus werden alle Daten, die von und zu unserer Website \u00fcbertragen werden, einschlie\u00dflich der Kreditkartennummern, mit branchen\u00fcblichen Ma\u00dfnahmen verschl\u00fcsselt, um ein zus\u00e4tzliches Ma\u00df an Sicherheit zu gew\u00e4hrleisten.<\/p>\n<p><em>Vorgehensweise bei der Aktualisierung dieser Erkl\u00e4rung<\/em><\/p>\n<p>Unsere Datenschutzbestimmungen k\u00f6nnen sich von Zeit zu Zeit \u00e4ndern. Wir werden \u00c4nderungen an der Datenschutzerkl\u00e4rung auf dieser Seite ver\u00f6ffentlichen und, falls die \u00c4nderungen wesentlich sind, einen deutlicheren Hinweis auf unserer Website geben.<\/p>\n<p><em>Verfahren zur Aktualisierung Ihrer pers\u00f6nlichen Daten oder Pr\u00e4ferenzen<\/em><\/p>\n<p>Wenn Sie Ihre pers\u00f6nlichen Daten, die Sie uns zuvor mitgeteilt haben, zur\u00fcckziehen oder \u00e4ndern m\u00f6chten oder wenn Sie Ihre pers\u00f6nlichen Pr\u00e4ferenzen anpassen m\u00f6chten &#8211; wie z. B. Ihre Pr\u00e4ferenzen in Bezug auf E-Mail-Listen &#8211; k\u00f6nnen Sie uns kontaktieren, um unsere Unterlagen zu aktualisieren.<\/p>\n<p>Dazu haben Sie die folgenden M\u00f6glichkeiten:<\/p>\n<p>Senden Sie eine E-Mail an: <a href=\"mailto:contact@thelastresort.ch\">contact@thelastresort.ch<\/a><\/p>\n<p>[\/et_pb_text][\/et_pb_column][\/et_pb_row][\/et_pb_section][et_pb_section fb_built=&#8221;1&#8243; admin_label=&#8221;Divider&#8221; _builder_version=&#8221;4.23.1&#8243; _module_preset=&#8221;default&#8221; background_color=&#8221;#f3f7f0&#8243; min_height=&#8221;84px&#8221; custom_margin=&#8221;-37px|||||&#8221; custom_padding=&#8221;0px||0px|||&#8221; global_colors_info=&#8221;{}&#8221;][et_pb_row _builder_version=&#8221;4.23.1&#8243; _module_preset=&#8221;default&#8221; global_colors_info=&#8221;{}&#8221;][et_pb_column type=&#8221;4_4&#8243; _builder_version=&#8221;4.23.1&#8243; _module_preset=&#8221;default&#8221; global_colors_info=&#8221;{}&#8221;][\/et_pb_column][\/et_pb_row][\/et_pb_section][et_pb_section fb_built=&#8221;1&#8243; fullwidth=&#8221;on&#8221; _builder_version=&#8221;4.23.1&#8243; _module_preset=&#8221;default&#8221; global_colors_info=&#8221;{}&#8221;][et_pb_fullwidth_image src=&#8221;https:\/\/thelastresort.ch\/wp-content\/uploads\/2023\/12\/alpen-panorama-242c3419-bc04-4607-b8cd-739ae327717e.jpg&#8221; title_text=&#8221;alpen-panorama-242c3419-bc04-4607-b8cd-739ae327717e&#8221; _builder_version=&#8221;4.23.1&#8243; _module_preset=&#8221;default&#8221; global_colors_info=&#8221;{}&#8221;][\/et_pb_fullwidth_image][\/et_pb_section]<\/p>\n","protected":false},"excerpt":{"rendered":"<p>Allgemein Diese Richtlinie legt dar, wie The Last Resort die von Ihnen gesammelten Daten verwaltet. The Last Resort ist an das Schweizerische Datenschutzgesetz gebunden und h\u00e4lt sich an die Allgemeine Datenschutzverordnung (DSGVO) (g\u00fcltig ab 25. Mai 2018). Von The Last Resort gesammelte Informationen The Last Resort sammelt personenbezogene Daten, die von den Nutzern der Website [&hellip;]<\/p>\n","protected":false},"author":1,"featured_media":0,"parent":0,"menu_order":0,"comment_status":"closed","ping_status":"closed","template":"","meta":{"_et_pb_use_builder":"on","_et_pb_old_content":"","_et_gb_content_width":"","footnotes":""},"_links":{"self":[{"href":"https:\/\/www.thelastresort.ch\/deutsch\/wp-json\/wp\/v2\/pages\/1759"}],"collection":[{"href":"https:\/\/www.thelastresort.ch\/deutsch\/wp-json\/wp\/v2\/pages"}],"about":[{"href":"https:\/\/www.thelastresort.ch\/deutsch\/wp-json\/wp\/v2\/types\/page"}],"author":[{"embeddable":true,"href":"https:\/\/www.thelastresort.ch\/deutsch\/wp-json\/wp\/v2\/users\/1"}],"replies":[{"embeddable":true,"href":"https:\/\/www.thelastresort.ch\/deutsch\/wp-json\/wp\/v2\/comments?post=1759"}],"version-history":[{"count":10,"href":"https:\/\/www.thelastresort.ch\/deutsch\/wp-json\/wp\/v2\/pages\/1759\/revisions"}],"predecessor-version":[{"id":2803,"href":"https:\/\/www.thelastresort.ch\/deutsch\/wp-json\/wp\/v2\/pages\/1759\/revisions\/2803"}],"wp:attachment":[{"href":"https:\/\/www.thelastresort.ch\/deutsch\/wp-json\/wp\/v2\/media?parent=1759"}],"curies":[{"name":"wp","href":"https:\/\/api.w.org\/{rel}","templated":true}]}}